{"id":16,"date":"2026-03-22T16:33:03","date_gmt":"2026-03-22T15:33:03","guid":{"rendered":"https:\/\/oklik.pl\/?page_id=16"},"modified":"2026-03-27T22:36:21","modified_gmt":"2026-03-27T21:36:21","slug":"ulubione","status":"publish","type":"page","link":"https:\/\/oklik.pl\/?page_id=16","title":{"rendered":"Ulubione"},"content":{"rendered":"\r\n<div class=\"acadp acadp-login-form acadp-require-js\" data-script=\"login-form\">\r\n\t<form action=\"https:\/\/oklik.pl\/wp-login.php\" id=\"acadp-login-form\" class=\"acadp-flex acadp-flex-col acadp-gap-6\" method=\"post\" role=\"form\" data-js-enabled=\"false\">\r\n\t\t<!-- Show errors if there are any -->\r\n\t\t\r\n\t\t<!-- Show logged out message if user just logged out -->\r\n\t\t\r\n\t\t\r\n\t\t\r\n\t\t\r\n\t\t<div id=\"acadp-form-group-login\" class=\"acadp-form-group\">\r\n\t\t\t<label for=\"acadp-form-control-login\" class=\"acadp-form-label\">\r\n\t\t\t\tNazwa u\u017cytkownika lub adres e-mail\t\t\t\t<span class=\"acadp-form-required\" aria-hidden=\"true\">*<\/span>\r\n\t\t\t<\/label>\r\n\t\t\t\r\n\t\t\t<input type=\"text\" name=\"log\" id=\"acadp-form-control-login\" class=\"acadp-form-control acadp-form-input acadp-form-validate\" required aria-describedby=\"acadp-form-error-login\" \/>\r\n\r\n\t\t\t<div hidden id=\"acadp-form-error-login\" class=\"acadp-form-error\"><\/div>\r\n\t\t<\/div>\r\n\r\n\t\t<div id=\"acadp-form-group-pass\" class=\"acadp-form-group\">\r\n\t\t\t<label for=\"acadp-form-control-pass\" class=\"acadp-form-label\">\r\n\t\t\t\tHas\u0142o\t\t\t\t<span class=\"acadp-form-required\" aria-hidden=\"true\">*<\/span>\r\n\t\t\t<\/label>\r\n\t\t\t\r\n\t\t\t<input type=\"password\" name=\"pwd\" id=\"acadp-form-control-pass\" class=\"acadp-form-control acadp-form-input acadp-form-validate\" required aria-describedby=\"acadp-form-error-pass\" \/>\r\n\r\n\t\t\t<div hidden id=\"acadp-form-error-pass\" class=\"acadp-form-error\"><\/div>\r\n\t\t<\/div>\r\n\t\r\n\t\t<div id=\"acadp-form-group-rememberme\" class=\"acadp-form-group\">\r\n\t\t\t<label class=\"acadp-flex acadp-gap-1.5 acadp-items-center\">\r\n\t\t\t\t<input type=\"checkbox\" name=\"rememberme\" class=\"acadp-form-control acadp-form-checkbox\" value=\"forever\">\r\n\t\t\t\tZapami\u0119taj mnie\t\t\t<\/label>\r\n\t\t<\/div>\r\n\r\n\t\t<!-- Hook for developers to add new fields -->\r\n\t\t\r\n\t\t\t\t\t<input type=\"hidden\" name=\"redirect_to\" value=\"https:\/\/oklik.pl\" \/>\r\n\t\t\t\t\r\n\t\t<button type=\"submit\" class=\"acadp-button acadp-button-primary acadp-button-submit acadp-self-start\">\r\n\t\t\tZaloguj si\u0119\t\t<\/button>\r\n\t\t\r\n\t\t<div class=\"acadp-flex acadp-flex-col acadp-gap-1\">\r\n\t\t\t<div class=\"acadp-forgot-password\">  \r\n\t\t\t\t<a href=\"https:\/\/oklik.pl\/?page_id=95&#038;redirect_to=https%3A%2F%2Foklik.pl\" class=\"acadp-underline\">\r\n\t\t\t\t\tZapomnia\u0142e\u015b has\u0142a?\t\t\t\t<\/a>\r\n\t\t\t<\/div>\r\n\r\n\t\t\t\t\t\t\t<div class=\"acadp-register-account\">  \r\n\t\t\t\t\t<a href=\"https:\/\/oklik.pl\/?p=86&#038;redirect_to=https%3A%2F%2Foklik.pl\" class=\"acadp-underline\">\r\n\t\t\t\t\t\tUtw\u00f3rz konto\t\t\t\t\t<\/a>\r\n\t\t\t\t<\/div>\r\n\t\t\t\t\t<\/div>\r\n\t<\/form>\r\n<\/div>\n","protected":false},"excerpt":{"rendered":"","protected":false},"author":1,"featured_media":0,"parent":0,"menu_order":0,"comment_status":"closed","ping_status":"closed","template":"","meta":{"footnotes":""},"class_list":["post-16","page","type-page","status-publish","hentry"],"_links":{"self":[{"href":"https:\/\/oklik.pl\/index.php?rest_route=\/wp\/v2\/pages\/16","targetHints":{"allow":["GET"]}}],"collection":[{"href":"https:\/\/oklik.pl\/index.php?rest_route=\/wp\/v2\/pages"}],"about":[{"href":"https:\/\/oklik.pl\/index.php?rest_route=\/wp\/v2\/types\/page"}],"author":[{"embeddable":true,"href":"https:\/\/oklik.pl\/index.php?rest_route=\/wp\/v2\/users\/1"}],"replies":[{"embeddable":true,"href":"https:\/\/oklik.pl\/index.php?rest_route=%2Fwp%2Fv2%2Fcomments&post=16"}],"version-history":[{"count":1,"href":"https:\/\/oklik.pl\/index.php?rest_route=\/wp\/v2\/pages\/16\/revisions"}],"predecessor-version":[{"id":78,"href":"https:\/\/oklik.pl\/index.php?rest_route=\/wp\/v2\/pages\/16\/revisions\/78"}],"wp:attachment":[{"href":"https:\/\/oklik.pl\/index.php?rest_route=%2Fwp%2Fv2%2Fmedia&parent=16"}],"curies":[{"name":"wp","href":"https:\/\/api.w.org\/{rel}","templated":true}]}}